{"id":151,"date":"2023-02-09T10:42:49","date_gmt":"2023-02-09T09:42:49","guid":{"rendered":"https:\/\/mariage-atypique.fr\/?page_id=151"},"modified":"2023-03-03T15:36:46","modified_gmt":"2023-03-03T14:36:46","slug":"mariages-et-receptions","status":"publish","type":"page","link":"https:\/\/mariage-atypique.fr\/?page_id=151","title":{"rendered":"Mariages et r\u00e9ceptions"},"content":{"rendered":"<p>[et_pb_section fb_built=\u00a0\u00bb1&Prime; fullwidth=\u00a0\u00bbon\u00a0\u00bb _builder_version=\u00a0\u00bb4.19.4&Prime; _module_preset=\u00a0\u00bbdefault\u00a0\u00bb global_colors_info=\u00a0\u00bb{}\u00a0\u00bb][et_pb_fullwidth_slider _builder_version=\u00a0\u00bb4.20.0&Prime; _module_preset=\u00a0\u00bbdefault\u00a0\u00bb hover_enabled=\u00a0\u00bb0&Prime; body_line_height_tablet=\u00a0\u00bb1.8em\u00a0\u00bb body_line_height_phone=\u00a0\u00bb1.8em\u00a0\u00bb body_line_height_last_edited=\u00a0\u00bbon|tablet\u00a0\u00bb global_colors_info=\u00a0\u00bb{}\u00a0\u00bb sticky_enabled=\u00a0\u00bb0&Prime;][et_pb_slide use_bg_overlay=\u00a0\u00bbon\u00a0\u00bb use_text_overlay=\u00a0\u00bboff\u00a0\u00bb _builder_version=\u00a0\u00bb4.20.0&Prime; _module_preset=\u00a0\u00bbdefault\u00a0\u00bb body_font=\u00a0\u00bbBad Script||||||||\u00a0\u00bb body_font_size=\u00a0\u00bb40px\u00a0\u00bb body_letter_spacing=\u00a0\u00bb4px\u00a0\u00bb background_enable_color=\u00a0\u00bboff\u00a0\u00bb background_image=\u00a0\u00bbhttps:\/\/mariage-atypique.fr\/wp-content\/uploads\/2023\/02\/05-VindhonneurMariage-Marie-et-Thibaut-516-HD-Dites-Cheese-copie-scaled.jpg\u00a0\u00bb background_enable_image=\u00a0\u00bbon\u00a0\u00bb hover_enabled=\u00a0\u00bb0&Prime; body_text_shadow_style=\u00a0\u00bbpreset1&Prime; global_colors_info=\u00a0\u00bb{}\u00a0\u00bb sticky_transition=\u00a0\u00bbon\u00a0\u00bb body_line_height=\u00a0\u00bb1.8em\u00a0\u00bb sticky_enabled=\u00a0\u00bb0&Prime;]<\/p>\n<p><strong>LA DRILLE AU BORD DE L\u2019EAU ET SA SCIERIE<\/strong><\/p>\n<p>[\/et_pb_slide][et_pb_slide use_bg_overlay=\u00a0\u00bbon\u00a0\u00bb use_text_overlay=\u00a0\u00bboff\u00a0\u00bb _builder_version=\u00a0\u00bb4.20.0&Prime; _module_preset=\u00a0\u00bbdefault\u00a0\u00bb body_font=\u00a0\u00bbBad Script||||||||\u00a0\u00bb body_font_size=\u00a0\u00bb40px\u00a0\u00bb body_letter_spacing=\u00a0\u00bb4px\u00a0\u00bb background_enable_color=\u00a0\u00bboff\u00a0\u00bb background_image=\u00a0\u00bbhttps:\/\/mariage-atypique.fr\/wp-content\/uploads\/2023\/01\/IMG_0838-copie-2-scaled.jpg\u00a0\u00bb background_enable_image=\u00a0\u00bbon\u00a0\u00bb body_text_shadow_style=\u00a0\u00bbpreset1&Prime; global_colors_info=\u00a0\u00bb{}\u00a0\u00bb sticky_transition=\u00a0\u00bbon\u00a0\u00bb body_line_height=\u00a0\u00bb1.8em\u00a0\u00bb]<\/p>\n<p><strong>LA DRILLE AU BORD DE L\u2019EAU ET SA SCIERIE<\/strong><\/p>\n<p>[\/et_pb_slide][et_pb_slide use_bg_overlay=\u00a0\u00bbon\u00a0\u00bb use_text_overlay=\u00a0\u00bboff\u00a0\u00bb _builder_version=\u00a0\u00bb4.20.0&Prime; _module_preset=\u00a0\u00bbdefault\u00a0\u00bb body_font=\u00a0\u00bbBad Script||||||||\u00a0\u00bb body_font_size=\u00a0\u00bb40px\u00a0\u00bb body_letter_spacing=\u00a0\u00bb4px\u00a0\u00bb background_enable_color=\u00a0\u00bboff\u00a0\u00bb background_image=\u00a0\u00bbhttps:\/\/mariage-atypique.fr\/wp-content\/uploads\/2023\/01\/Mariage-La-Drille-au-bord-de-leau-Valentine-Poulain-130-copie.jpg\u00a0\u00bb background_enable_image=\u00a0\u00bbon\u00a0\u00bb body_text_shadow_style=\u00a0\u00bbpreset1&Prime; global_colors_info=\u00a0\u00bb{}\u00a0\u00bb sticky_transition=\u00a0\u00bbon\u00a0\u00bb body_line_height=\u00a0\u00bb1.8em\u00a0\u00bb]<\/p>\n<p><strong>LA DRILLE AU BORD DE L\u2019EAU ET SA SCIERIE<\/strong><\/p>\n<p>[\/et_pb_slide][\/et_pb_fullwidth_slider][\/et_pb_section][et_pb_section fb_built=\u00a0\u00bb1&Prime; _builder_version=\u00a0\u00bb4.19.4&Prime; _module_preset=\u00a0\u00bbdefault\u00a0\u00bb background_color=\u00a0\u00bb#b78d63&Prime; global_colors_info=\u00a0\u00bb{}\u00a0\u00bb][et_pb_row column_structure=\u00a0\u00bb1_2,1_2&Prime; _builder_version=\u00a0\u00bb4.20.0&Prime; _module_preset=\u00a0\u00bbdefault\u00a0\u00bb animation_style=\u00a0\u00bbslide\u00a0\u00bb global_colors_info=\u00a0\u00bb{}\u00a0\u00bb][et_pb_column type=\u00a0\u00bb1_2&Prime; _builder_version=\u00a0\u00bb4.19.4&Prime; _module_preset=\u00a0\u00bbdefault\u00a0\u00bb global_colors_info=\u00a0\u00bb{}\u00a0\u00bb][et_pb_text _builder_version=\u00a0\u00bb4.19.4&Prime; _module_preset=\u00a0\u00bbdefault\u00a0\u00bb text_text_color=\u00a0\u00bb#FFFFFF\u00a0\u00bb text_font_size=\u00a0\u00bb18px\u00a0\u00bb header_text_color=\u00a0\u00bb#FFFFFF\u00a0\u00bb header_4_text_color=\u00a0\u00bb#FFFFFF\u00a0\u00bb header_4_font_size=\u00a0\u00bb22px\u00a0\u00bb global_colors_info=\u00a0\u00bb{}\u00a0\u00bb body_line_height=\u00a0\u00bb1.8em\u00a0\u00bb]<\/p>\n<h4 class=\"p1\"><b>Cot\u00e9 ROMANTIQUE<\/b>\u2026<\/h4>\n<p class=\"p1\">Un paysage d\u00e9gag\u00e9, spacieux, bucolique, charg\u00e9 d\u2019histoires, authentique, sans voisinage, cette sensation d\u2019\u00eatre au fond de la nature, travers\u00e9 par une petite rivi\u00e8re qui procure un charme ind\u00e9finissable, une passerelle des ann\u00e9es 20 (1920!) qui permet de gagner l\u2019autre rive o\u00f9 pourra voir lieu la c\u00e9r\u00e9monie la\u00efque sous un tilleul centenaire, tout pr\u00e8s de l\u2019eau qui roucoule. Au centre &#8211; ce qui fut d\u2019abord un moulin en 1850 &#8211; ensuite une ancienne scierie authentique et ses poutres massives ; un ancien atelier d\u2019affutage-forge r\u00e9habilit\u00e9 en maison principale, une chaumi\u00e8re restaur\u00e9e avec ses vieilles pierres, transform\u00e9e en suite nuptiale, une grande-\u00e9curie \u00ab\u00a0dans le jus\u00a0\u00bb pour les mariages d\u2019hiver ou plan B id\u00e9al en cas de mauvais temps (ap\u00e9ritif, c\u00e9r\u00e9monie, \u2026)<\/p>\n<p>[\/et_pb_text][\/et_pb_column][et_pb_column type=\u00a0\u00bb1_2&Prime; _builder_version=\u00a0\u00bb4.19.4&Prime; _module_preset=\u00a0\u00bbdefault\u00a0\u00bb global_colors_info=\u00a0\u00bb{}\u00a0\u00bb][et_pb_image src=\u00a0\u00bbhttps:\/\/mariage-atypique.fr\/wp-content\/uploads\/2023\/01\/IMG_9516-copie-rotated.jpg\u00a0\u00bb title_text=\u00a0\u00bbAll\u00e9e vers tilleul\u00a0\u00bb show_in_lightbox=\u00a0\u00bbon\u00a0\u00bb align=\u00a0\u00bbright\u00a0\u00bb _builder_version=\u00a0\u00bb4.19.4&Prime; _module_preset=\u00a0\u00bbdefault\u00a0\u00bb height=\u00a0\u00bb372px\u00a0\u00bb global_colors_info=\u00a0\u00bb{}\u00a0\u00bb][\/et_pb_image][\/et_pb_column][\/et_pb_row][\/et_pb_section][et_pb_section fb_built=\u00a0\u00bb1&Prime; _builder_version=\u00a0\u00bb4.19.4&Prime; _module_preset=\u00a0\u00bbdefault\u00a0\u00bb global_colors_info=\u00a0\u00bb{}\u00a0\u00bb][et_pb_row column_structure=\u00a0\u00bb1_3,1_3,1_3&Prime; _builder_version=\u00a0\u00bb4.20.0&Prime; _module_preset=\u00a0\u00bbdefault\u00a0\u00bb animation_style=\u00a0\u00bbfold\u00a0\u00bb global_colors_info=\u00a0\u00bb{}\u00a0\u00bb][et_pb_column type=\u00a0\u00bb1_3&Prime; _builder_version=\u00a0\u00bb4.19.4&Prime; _module_preset=\u00a0\u00bbdefault\u00a0\u00bb global_colors_info=\u00a0\u00bb{}\u00a0\u00bb][et_pb_image src=\u00a0\u00bbhttps:\/\/mariage-atypique.fr\/wp-content\/uploads\/2023\/02\/1410-copie-scaled.jpg\u00a0\u00bb title_text=\u00a0\u00bbGrande prairie\u00a0\u00bb show_in_lightbox=\u00a0\u00bbon\u00a0\u00bb align=\u00a0\u00bbcenter\u00a0\u00bb _builder_version=\u00a0\u00bb4.19.4&Prime; _module_preset=\u00a0\u00bbdefault\u00a0\u00bb height=\u00a0\u00bb269px\u00a0\u00bb global_colors_info=\u00a0\u00bb{}\u00a0\u00bb][\/et_pb_image][\/et_pb_column][et_pb_column type=\u00a0\u00bb1_3&Prime; _builder_version=\u00a0\u00bb4.19.4&Prime; _module_preset=\u00a0\u00bbdefault\u00a0\u00bb global_colors_info=\u00a0\u00bb{}\u00a0\u00bb][et_pb_image src=\u00a0\u00bbhttps:\/\/mariage-atypique.fr\/wp-content\/uploads\/2023\/02\/IMG_9156-scaled.jpg\u00a0\u00bb title_text=\u00a0\u00bbChambre parents maison\u00a0\u00bb show_in_lightbox=\u00a0\u00bbon\u00a0\u00bb align=\u00a0\u00bbcenter\u00a0\u00bb _builder_version=\u00a0\u00bb4.19.4&Prime; _module_preset=\u00a0\u00bbdefault\u00a0\u00bb module_alignment=\u00a0\u00bbcenter\u00a0\u00bb height=\u00a0\u00bb270px\u00a0\u00bb global_colors_info=\u00a0\u00bb{}\u00a0\u00bb][\/et_pb_image][\/et_pb_column][et_pb_column type=\u00a0\u00bb1_3&Prime; _builder_version=\u00a0\u00bb4.19.4&Prime; _module_preset=\u00a0\u00bbdefault\u00a0\u00bb global_colors_info=\u00a0\u00bb{}\u00a0\u00bb][et_pb_image src=\u00a0\u00bbhttps:\/\/mariage-atypique.fr\/wp-content\/uploads\/2023\/02\/IMG_3734.jpeg\u00a0\u00bb title_text=\u00a0\u00bbIMG_3734&Prime; show_in_lightbox=\u00a0\u00bbon\u00a0\u00bb _builder_version=\u00a0\u00bb4.19.4&Prime; _module_preset=\u00a0\u00bbdefault\u00a0\u00bb width=\u00a0\u00bb100%\u00a0\u00bb max_width=\u00a0\u00bb100%\u00a0\u00bb height=\u00a0\u00bb263px\u00a0\u00bb global_colors_info=\u00a0\u00bb{}\u00a0\u00bb][\/et_pb_image][\/et_pb_column][\/et_pb_row][\/et_pb_section][et_pb_section fb_built=\u00a0\u00bb1&Prime; _builder_version=\u00a0\u00bb4.19.4&Prime; _module_preset=\u00a0\u00bbdefault\u00a0\u00bb background_color=\u00a0\u00bb#FFFFFF\u00a0\u00bb global_colors_info=\u00a0\u00bb{}\u00a0\u00bb][et_pb_row column_structure=\u00a0\u00bb1_3,1_3,1_3&Prime; _builder_version=\u00a0\u00bb4.20.0&Prime; _module_preset=\u00a0\u00bbdefault\u00a0\u00bb animation_style=\u00a0\u00bbslide\u00a0\u00bb global_colors_info=\u00a0\u00bb{}\u00a0\u00bb][et_pb_column type=\u00a0\u00bb1_3&Prime; _builder_version=\u00a0\u00bb4.19.4&Prime; _module_preset=\u00a0\u00bbdefault\u00a0\u00bb global_colors_info=\u00a0\u00bb{}\u00a0\u00bb][et_pb_text _builder_version=\u00a0\u00bb4.19.4&Prime; _module_preset=\u00a0\u00bbdefault\u00a0\u00bb text_text_color=\u00a0\u00bb#000000&Prime; text_font_size=\u00a0\u00bb18px\u00a0\u00bb header_4_text_color=\u00a0\u00bb#CCD5AE\u00a0\u00bb header_4_font_size=\u00a0\u00bb24px\u00a0\u00bb global_colors_info=\u00a0\u00bb{}\u00a0\u00bb body_line_height=\u00a0\u00bb1.8em\u00a0\u00bb]<\/p>\n<h4 class=\"p1\"><b>Cot\u00e9 PRATIQUE\u2026<\/b><\/h4>\n<p class=\"p1\"><span class=\"s1\"><\/span><\/p>\n<ul>\n<li><span class=\"s1\">\u00a0<\/span>grands espaces ext\u00e9rieurs, ensoleill\u00e9s, plats, d\u00e9gag\u00e9s, peu venteux (zone d\u2019ombre naturelle, grands arbres)<\/li>\n<li>aire distincte dans un environnement tr\u00e8s nature et authentique pour c\u00e9r\u00e9monie ext\u00e9rieure et\/ou ap\u00e9ritif<\/li>\n<li>trois grandes terrasses am\u00e9nag\u00e9es en bord de rivi\u00e8re<\/li>\n<li>ensemble d\u2019un seul tenant : salle de r\u00e9ception, logements, animations ext\u00e9rieures, grand parking d\u00e9cal\u00e9 (pas de voitures visibles depuis les lieux d\u2019activit\u00e9s &amp; <span class=\"Apple-tab-span\"> <\/span>d\u2019animations)<\/li>\n<li>1\/2 h du centre de Strasbourg par voies rapides &amp; autoroute (\u00e0 mi-chemin entre d\u00e9part. 67 &amp; 68)<\/li>\n<\/ul>\n<p class=\"p1\">[\/et_pb_text][\/et_pb_column][et_pb_column type=\u00a0\u00bb1_3&Prime; _builder_version=\u00a0\u00bb4.19.4&Prime; _module_preset=\u00a0\u00bbdefault\u00a0\u00bb global_colors_info=\u00a0\u00bb{}\u00a0\u00bb][et_pb_text _builder_version=\u00a0\u00bb4.19.4&Prime; _module_preset=\u00a0\u00bbdefault\u00a0\u00bb text_text_color=\u00a0\u00bb#000000&Prime; text_font_size=\u00a0\u00bb18px\u00a0\u00bb header_4_text_color=\u00a0\u00bb#000000&Prime; header_4_font_size=\u00a0\u00bb24px\u00a0\u00bb custom_margin=\u00a0\u00bb23px||||false|false\u00a0\u00bb global_colors_info=\u00a0\u00bb{}\u00a0\u00bb body_line_height=\u00a0\u00bb1.8em\u00a0\u00bb]<\/p>\n<h4 class=\"p1\"><\/h4>\n<p class=\"p1\"><span class=\"s1\"><\/span><\/p>\n<p class=\"p1\"><span class=\"s1\"><\/span><\/p>\n<ul>\n<li>grande salle de r\u00e9ception 250 m2 d\u2019un seul tenant (sans entravements, ni cloison)<\/li>\n<li>local traiteur en dur, fonctionnel et spacieux, facile d\u2019acc\u00e8s v\u00e9hicules l\u00e9gers &amp; lourds<\/li>\n<li>grande capacit\u00e9 de couchages sur place (pas en format dortoir!)<\/li>\n<li class=\"p1\">maison principale de 220 m2 pour la famille et la belle famille (belles prestations int\u00e9rieures)<\/li>\n<li class=\"p1\">une vieille chaumi\u00e8re restaur\u00e9e en pierres de rivi\u00e8re, habillage int\u00e9rieur en vieux bois, avec toutes les commodit\u00e9s comme suite nuptiale<\/li>\n<\/ul>\n<p>[\/et_pb_text][\/et_pb_column][et_pb_column type=\u00a0\u00bb1_3&Prime; _builder_version=\u00a0\u00bb4.19.4&Prime; _module_preset=\u00a0\u00bbdefault\u00a0\u00bb global_colors_info=\u00a0\u00bb{}\u00a0\u00bb][et_pb_text _builder_version=\u00a0\u00bb4.19.4&Prime; _module_preset=\u00a0\u00bbdefault\u00a0\u00bb text_text_color=\u00a0\u00bb#000000&Prime; text_font_size=\u00a0\u00bb18px\u00a0\u00bb header_4_text_color=\u00a0\u00bb#000000&Prime; header_4_font_size=\u00a0\u00bb24px\u00a0\u00bb custom_margin=\u00a0\u00bb14px||||false|false\u00a0\u00bb global_colors_info=\u00a0\u00bb{}\u00a0\u00bb body_line_height=\u00a0\u00bb1.8em\u00a0\u00bb]<\/p>\n<h4 class=\"p1\"><\/h4>\n<p class=\"p1\"><span class=\"s1\">\u00a0<\/span><\/p>\n<ul>\n<li class=\"p1\">e<span style=\"font-size: 18px;\">n option : une grange-\u00e9curie (270 m2) restaur\u00e9e authentique et fonctionnelle imm\u00e9diatement (plus de soucis de m\u00e9t\u00e9o!) ou pour les mariages d\u2019hiver<\/span><\/li>\n<li class=\"p1\">un atelier de d\u00e9coration avec des dizaines d\u2019accessoires<\/li>\n<li class=\"p1\">pas de prestataire impos\u00e9, pas de droit de bouchon<\/li>\n<li class=\"p1\">sonorisation de qualit\u00e9 professionnelle de la salle<\/li>\n<li class=\"p1\">tri collectif \u00e0 proximit\u00e9 (\u00e0 la sortie de la propri\u00e9t\u00e9) pour l\u2019\u00e9vacuation des d\u00e9chets<\/li>\n<\/ul>\n<p>[\/et_pb_text][\/et_pb_column][\/et_pb_row][\/et_pb_section]<\/p>\n","protected":false},"excerpt":{"rendered":"<p>LA DRILLE AU BORD DE L\u2019EAU ET SA SCIERIELA DRILLE AU BORD DE L\u2019EAU ET SA SCIERIELA DRILLE AU BORD DE L\u2019EAU ET SA SCIERIECot\u00e9 ROMANTIQUE\u2026 Un paysage d\u00e9gag\u00e9, spacieux, bucolique, charg\u00e9 d\u2019histoires, authentique, sans voisinage, cette sensation d\u2019\u00eatre au fond de la nature, travers\u00e9 par une petite rivi\u00e8re qui procure un charme ind\u00e9finissable, une [&hellip;]<\/p>\n","protected":false},"author":1,"featured_media":0,"parent":0,"menu_order":0,"comment_status":"closed","ping_status":"closed","template":"","meta":{"_et_pb_use_builder":"on","_et_pb_old_content":"","_et_gb_content_width":"","footnotes":""},"class_list":["post-151","page","type-page","status-publish","hentry"],"_links":{"self":[{"href":"https:\/\/mariage-atypique.fr\/index.php?rest_route=\/wp\/v2\/pages\/151","targetHints":{"allow":["GET"]}}],"collection":[{"href":"https:\/\/mariage-atypique.fr\/index.php?rest_route=\/wp\/v2\/pages"}],"about":[{"href":"https:\/\/mariage-atypique.fr\/index.php?rest_route=\/wp\/v2\/types\/page"}],"author":[{"embeddable":true,"href":"https:\/\/mariage-atypique.fr\/index.php?rest_route=\/wp\/v2\/users\/1"}],"replies":[{"embeddable":true,"href":"https:\/\/mariage-atypique.fr\/index.php?rest_route=%2Fwp%2Fv2%2Fcomments&post=151"}],"version-history":[{"count":11,"href":"https:\/\/mariage-atypique.fr\/index.php?rest_route=\/wp\/v2\/pages\/151\/revisions"}],"predecessor-version":[{"id":651,"href":"https:\/\/mariage-atypique.fr\/index.php?rest_route=\/wp\/v2\/pages\/151\/revisions\/651"}],"wp:attachment":[{"href":"https:\/\/mariage-atypique.fr\/index.php?rest_route=%2Fwp%2Fv2%2Fmedia&parent=151"}],"curies":[{"name":"wp","href":"https:\/\/api.w.org\/{rel}","templated":true}]}}